se 16*x = l*x + 2827. Suppose -3*q = 3*y - 609, -2*q = 3*y - 356 - x. What are the prime factors of y?
3, 23
Let t(s) = 21*s - 20. Let q be t(4). Let i = 177 - q. What are the prime factors of i?
113
What are the prime factors of (-2 + -1)/(36/(-10764))?
3, 13, 23
Let t be 26147/77 + (-8)/14. Suppose 4*x - x - t = 0. Let h = -65 + x. List the prime factors of h.
2, 3
Let q(k) = -22*k + 6 + 3 - 6. Let f be q(1). What are the prime factors of 72/(-12)*(f - -1)?
2, 3
List the prime factors of (205 - (7 - 3))/(465/150505).
67, 971
Suppose 0 = x + 23*g - 22*g - 4611, -4*g = x - 4614. What are the prime factors of x?
2, 5, 461
Let x(h) = 197*h - 5969. What are the prime factors of x(48)?
11, 317
Suppose -4*w - 43 = -11. Let i be 100/6 - w/(-12). Let c(x) = x**3 - 16*x**2 + 8*x - 22. What are the prime factors of c(i)?
2, 53
Let q(w) = -w**3 - w + 3. Let k be q(0). Suppose -4*v = k*y + 415 - 67, 0 = -4*v - y - 340. Let u = v - -169. What are the prime factors of u?
5, 17
Suppose -15313*c + 15338*c - 690725 = 0. What are the prime factors of c?
7, 3947
Suppose 4*v + a = 8*v - 13, 5*v + 4*a = 32. Suppose -4*o + l = -2*o - 80, -5*o + v*l = -206. List the prime factors of o.
2, 19
Suppose -7*w + 0*w + 8568 = 0. Let b = w - 700. What are the prime factors of b?
2, 131
Suppose 11*y + 199347 = 58*y - 2363939. What are the prime factors of y?
2, 11, 37, 67
Suppose 3*i + 0 + 11 = -4*c, 0 = 5*c + i. Let k be ((-1)/2 - -2)/(c/10). Let f(h) = -3*h + 71. List the prime factors of f(k).
2, 13
Let d(w) = w**2 - 11*w + 28. Let r be d(6). Let u be (-56)/(-6)*((-155)/r - 4). Suppose -u = -5*a + 3*n, a - 146 = 3*n + 2*n. List the prime factors of a.
2, 17
Let h = 279 - 278. List the prime factors of (21/4 + h)*(4 - -48).
5, 13
Let r(o) = 93*o**2 + 25*o + 215. List the prime factors of r(-20).
3, 5, 23, 107
Let q(x) = 28*x**3 - 5*x**2 + 11*x - 173. What are the prime factors of q(9)?
31, 643
Let b(h) = -h**3 + 7*h**2 - 4*h - 3. Let s be (12/3 - -4) + -2*2. What are the prime factors of b(s)?
29
Let z(i) = 3351*i - 632. List the prime factors of z(14).
2, 73, 317
Suppose 70 = -4*m + 3*j + 25, 19 = -2*m + 5*j. Let k = 30 + m. Let r(c) = c + 40. List the prime factors of r(k).
2, 29
Let y = -38 - -47. Let j(i) = i + 1. Let g(r) = r + 20. Let k(v) = g(v) + j(v). What are the prime factors of k(y)?
3, 13
Let m = -35 + 266. Suppose 3*s = -s - 2*k + 438, 2*s = 3*k + m. List the prime factors of s.
3, 37
Let u(p) be the first derivative of -p**4/4 + 37*p**3/3 - p**2 + 39*p + 142. List the prime factors of u(36).
3, 421
Let g(b) = -277*b + 71. What are the prime factors of g(-25)?
2, 3, 11, 53
Suppose -553988 = -298*a + 8680138. List the prime factors of a.
3, 11, 313
Let n = 230 - 203. List the prime factors of 1 + n/(-21) - (-849)/7.
11
What are the prime factors of (108/(-10))/(72384/36205 + -2)?
3, 557
Suppose 0 = 4*j - 25437 + 3969. List the prime factors of j.
3, 1789
Let d(x) = -22*x - 91. Let h be d(-30). Suppose -16*i = -17*i + h. What are the prime factors of i?
569
Let t(l) = -l**3 + 4*l**2 + 41*l + 40. Let a be t(9). What are the prime factors of 41*a*(-27)/(-24)*2?
3, 41
List the prime factors of 65 + -65 - (-2 + -783).
5, 157
Let z(u) = -6*u**2 - 7*u + 7. Let h(x) = -7*x**2 - 7*x + 7. Let o(p) = -4*h(p) + 5*z(p). Let g be o(-4). List the prime factors of 9*(20/3 + (-12)/g).
2, 3
Suppose 24*r - 12 = 23*r. Let c(k) be the third derivative of k**5/60 - 11*k**4/24 - k**3/2 - 10*k**2. List the prime factors of c(r).
3
Suppose -2*p = 1 - 3, 0 = 3*b + p - 5314. List the prime factors of b.
7, 11, 23
Let w(f) = -f**3 - 2*f**2 - 3*f. Let c be w(-2). Suppose 3*a + 1 = j, c*a = 2*j + 2*a - 2. Let x(z) = 53*z**3 + 3*z - 2. What are the prime factors of x(j)?
2, 3
Suppose n - 2*z - 4164 = 951, -3*n + 15401 = 2*z. What are the prime factors of n?
23, 223
Suppose -3*j + 8460 = -3*g, 20 = -5*g + g. Suppose 0 = 5*q - 3*m + 2*m - j, 5*q = 3*m + 2805. List the prime factors of q.
2, 3, 47
Suppose -29775 = -139*q - 1836. Suppose -111 = 3*y + 3*n, 2*y - 3*n = -128 + 39. Let u = q + y. List the prime factors of u.
7, 23
Let z be 9/1 + -9 + 30/6. Suppose 11*k - 1177 = 10*k + j, 0 = k - z*j - 1197. What are the prime factors of k?
2, 293
Let m(c) = 1455*c**2 - 89*c - 272. What are the prime factors of m(-3)?
2, 5, 7, 11, 17
Suppose 34*j - 32*j - 7626 = 0. Let u = j - 2091. List the prime factors of u.
2, 3, 7, 41
Let d be (-3)/(-12) - (394/8 + -4). Let k = -42 - d. Suppose 4*c = h - 37, -2*h + 5*c + 140 = k*h. List the prime factors of h.
5
Suppose -40*w - 58 = -39*w. Let v = w - -340. List the prime factors of v.
2, 3, 47
Suppose 0 = 3*r + v - 40504, 5*r - 24775 - 42732 = -2*v. Suppose 21*w - r = -3547. List the prime factors of w.
2, 3, 79
Let c = -33 + 36. Let k = c + -24. List the prime factors of ((-66)/k - 3) + 608/7.
3, 29
Let u(q) = -2*q**3 + 2*q**2 + q + 282. Let o be u(0). Suppose -o = -y + 4*v, 5*y + 2*v = 3*v + 1486. List the prime factors of y.
2, 149
Suppose 2*w + 8*a = 3*a + 25, 0 = 3*a - 15. Suppose -5*p - 15 = w, 4*o + 2*p + 3*p = -31. List the prime factors of (o/4)/((-2)/142).
71
Let d = -28560 - -48506. What are the prime factors of d?
2, 9973
Let w = -352 - -354. Suppose -70 = -2*t + 3*u + 602, 0 = w*u - 4. List the prime factors of t.
3, 113
Suppose 0 = -19*q + 4*q + 30. Suppose 14552 = q*v + 15*v. List the prime factors of v.
2, 107
Suppose 12*a + 29*a = 5*a + 91368. What are the prime factors of a?
2, 3, 47
List the prime factors of ((-12)/9)/(-2)*(-21171)/(-2).
7057
Suppose -4*p - 248 - 188 = -4*i, 0 = 2*p + 4*i + 224. Suppose -56 = -4*l - 216. Let g = l - p. List the prime factors of g.
2, 5, 7
Let a(d) be the second derivative of 32*d**4/3 + 5*d**3/6 + 5*d**2/2 - d - 4. What are the prime factors of a(-1)?
2
What are the prime factors of 29/(290/1120)*32?
2, 7
What are the prime factors of 417/(-278) - 19462/(-4)?
2, 19
Suppose -4*o + 620 = 3*b - 274, -4*o = -3*b + 918. Suppose -b*y = -303*y + 575. List the prime factors of y.
5, 23
Let t(q) = q**3 - 13*q**2 + 16*q - 46. Let u be t(12). What are the prime factors of u + 0 + (367 - 30)?
3, 113
Let g = 565 - 566. Let m(f) = -46*f - 15. List the prime factors of m(g).
31
Let g be (314*(-3)/(-2))/(1 - -2). Let m = g - 10. List the prime factors of m.
3, 7
Let h = 12288 - 4974. List the prime factors of h.
2, 3, 23, 53
Let b = 263 + 399. What are the prime factors of b - ((-16)/(-4) + -9)?
23, 29
Suppose 0 = -3*z - 5*l + 316, 81*z = 86*z + 4*l - 505. Let p be (3 + -1)*19/(-2). Let k = p + z. List the prime factors of k.
2, 3, 13
Let h(c) = 22*c**2 - 2*c + 14829. List the prime factors of h(0).
3, 4943
Let c = -293 - -17. Let o be (-6)/10 + c/(-60). Suppose -5*k = o*v - 0*v - 141, -k - 42 = -v. List the prime factors of v.
3, 13
Let g be -4 - ((-2)/(-2) + -5). Suppose 4*x - 2*c - 12 = g, 2*x + 2*c = 4*x - 2. List the prime factors of 368/x - 6/(-15).
2, 37
Suppose 2970*m = 2977*m - 43680. What are the prime factors of m?
2, 3, 5, 13
Let k = -56 - 101. Let r = k + 434. List the prime factors of r.
277
Let u = 352 - 350. Let h be (0 - 41)*(6 - 8). What are the prime factors of 1/u - h/(-4)?
3, 7
Let z be (-20)/8*4/(-10). Suppose w + z = -3*j, -3*j + 13 = -0*w + 2*w. Suppose -w + 128 = 3*o. What are the prime factors of o?
2, 19
Let x be 88/(-10) + 17/(-85). Let h be -1*(-12)/(-16) + x/(-12). Suppose -5*w = -5*s - 2*w + 736, h = -s - 2*w + 155. List the prime factors of s.
149
Let t = 1505 + 5546. List the prime factors of t.
11, 641
Suppose 7*j + 24 - 94 = 0. Suppose -j*w = -3381 - 2359. What are the prime factors of w?
2, 7, 41
Let d = -2388 - -4050. What are the prime factors of d?
2, 3, 277
Let u be (-2)/((-2)/(-6) - (-19)/(-228)). Let d(i) = 3*i**2 + i - 40. List the prime factors of d(u).
2, 3
Suppose 173*p - 3 = 174*p, -3*b = 5*p - 26577. List the prime factors of b.
2, 277
Suppose 3*p - 133 = 134. Let l = p + -92. Let b = 114 + l. What are the prime factors of b?
3, 37
Let a(c) = 31*c - 20. Let f be (-5 + 4)/(-3 - 16/(-6)). Suppose -25 = f*t - 8*t. What are the prime factors of a(t)?
3, 5
Let t be 6/(-24) + 507/12. Let d = -11 + t. List the prime factors of d.
31
Let z be ((-956)/(-9))/(30/135). Let l = -440 + z. What are the prime factors of l?
2, 19
Suppose a - 1 = -2*u + 4, -a + 4*u = -17. Suppose 1463 = 